 = 37. Suppose -10*j + 9 + 231 = 0. What is the highest common divisor of f and j?
12
Let m be ((-9000)/(-50))/(2/1). Suppose 4*o = -21 + 61. What is the greatest common factor of o and m?
10
Let h(z) = 2*z**3 + z**2 - z - 1. Let g be h(2). Suppose 2*m - g = 37. What is the greatest common divisor of 216 and m?
27
Let i(d) be the third derivative of 0*d + 1/24*d**4 + 0 - 4/3*d**3 - 2*d**2. Let c be i(12). Calculate the highest common divisor of 4 and c.
4
Let q(v) = v**2 - 5*v. Let p be q(3). Let i = p - -9. Suppose d + i*d - 36 = 0. Calculate the highest common divisor of 9 and d.
9
Let c = 10 - 34. Let i = -36 - c. Let w = i + 28. Calculate the greatest common divisor of 40 and w.
8
Suppose 0 = b + h + 1 - 96, 4*h = -16. What is the highest common factor of b and 110?
11
Suppose -3*g + 285 = j, -2*g + j + 204 = -3*j. Suppose 3*r + r - g = -3*s, 5*s + 3*r - 149 = 0. Calculate the highest common factor of s and 84.
28
Let g be 42/35*(-2)/1*-10. Calculate the highest common factor of g and 87.
3
Suppose 21*f - 36 - 6 = 0. Calculate the highest common divisor of f and 39.
1
Suppose 0 = 3*d - 27 + 102. Let p be 17/34 - d/2. Calculate the highest common factor of p and 143.
13
Let y = -33 + 42. Let g(a) = 13*a - 116. Let w be g(9). Calculate the greatest common divisor of y and w.
1
Suppose -2*g + 12 = 2*x, 3*g - 6*x + x - 18 = 0. Suppose 0 = -29*c + 183 - 9. What is the highest common divisor of g and c?
6
Suppose -5*c - 23 = -3*s, 3*s - c + 4 = 47. Let q(x) = x**3 - 10*x**2 + 10*x - 1. Let o be q(9). What is the greatest common factor of o and s?
8
Let d = 11 + -6. Let a(o) = o**2 - 12*o + 13. Let z be a(11). What is the greatest common factor of z and d?
1
Let n = -27 - -40. Suppose 25 = 2*k - n. Let y be k - (2 + -2 + 1). Calculate the highest common divisor of y and 198.
18
Let h(q) = 3*q**2 - q - 1. Let y be h(-1). Suppose 4*l - 450 = -5*k, -k - 4*l = y*k - 360. Calculate the highest common factor of k and 18.
18
Suppose 0*r - r + 3 = 0. Suppose -3*h - 198 = -2*t, r*t + 6*h - 297 = 3*h. Let d = 21 + -12. What is the greatest common factor of d and t?
9
Let k(l) = -11*l + 5*l - 13*l**2 - l - l**3 - 9 - 6. Let z be k(-14). What is the greatest common divisor of z and 31?
31
Suppose u - 4 = 2. Let p(b) = b + 2. Let f be p(u). What is the highest common factor of f and 32?
8
Let h be 1 + 2000 + (-3 - 4 - -4). Calculate the highest common factor of 9 and h.
9
Suppose h - 4*h = -120. What is the highest common factor of 240 and h?
40
Let j be -3*(-1)/3*7. Suppose -36 = i - k - k, -i = -5*k + 30. Let x be (8/(-6))/(i/420). Calculate the highest common divisor of j and x.
7
Let k = 1400 - 715. Calculate the highest common divisor of k and 5.
5
Suppose 3*p = 5*j + 1840, -5*p = -7*j + 3*j - 3058. What is the highest common divisor of p and 10?
10
Let s(n) = -11 + 2*n - 3*n + 3*n - 2. Let a be s(6). Let d(j) = 71*j**2 - j - 2. Let o be d(a). Calculate the highest common divisor of 10 and o.
10
Suppose -4*t - 3 + 43 = 0. Let d = 57 + -55. Suppose 23 = -2*v + 4*u + 115, -d*u - 6 = 0. What is the highest common factor of v and t?
10
Suppose 0 = -36*f + 40*f - 24. What is the greatest common divisor of f and 12?
6
Suppose -22*o + 750 = -1406. Calculate the greatest common factor of o and 4.
2
Suppose 3*o = 5*u + 177, -4*o + 118 = -2*o - 2*u. What is the highest common divisor of 1003 and o?
59
Let m(a) = 2*a + 39. Let u be m(-16). Suppose u + 1 = 4*r. Calculate the highest common divisor of 16 and r.
2
Let f = 250 - 241. Calculate the highest common factor of f and 72.
9
Let y = 55 - -267. Let a = y + -91. What is the greatest common factor of 21 and a?
21
Suppose 7351 + 13549 = 20*o. Calculate the highest common factor of 55 and o.
55
Let p be (-26)/(3 + -4) - -1. Suppose 4*m + 729 = 7*m. Calculate the greatest common divisor of m and p.
27
Suppose 4*m + 26*m - 1170 = 0. Let o be (2 - 3)/((-2)/26). What is the greatest common divisor of m and o?
13
Let a = -3 + 23. Let v = 33 - a. What is the highest common factor of 13 and v?
13
Let d = 17 + -9. Let z be -1*(-3 - (-3 + -53)). Let u = z - -57. Calculate the highest common factor of d and u.
4
Suppose -10475 = -163*k + 3217. Let t = 53 + -32. What is the highest common factor of k and t?
21
Let f(m) = m**3 + 6*m**2 + m - 2. Let c be f(-3). Let p be (-5 - 130/(-15))/((-1)/(-66)). What is the highest common divisor of p and c?
22
Let w(k) = 6*k + 3. Let l be w(5). Suppose -p = -35 + 33. Suppose a = -p*a + l. Calculate the highest common factor of a and 22.
11
Let x(f) = 4*f**2 + 15*f - 18. Let t be x(-6). Let b = -2 + 14. Calculate the greatest common factor of b and t.
12
Suppose d - 6*d + 15 = 0. Suppose -1 = -r - 3*p, -2*r + 2 - 9 = d*p. Let h = 27 - r. Calculate the greatest common factor of h and 14.
7
Suppose 0 = 2*u - 3 - 1. Suppose 3*r - 10 = u*r. Let d be r + (1 - 5) + 2. What is the greatest common divisor of d and 80?
8
Suppose -5*q - 5*v + 772 = -2*q, -4*q = -5*v - 1076. Let c(i) = -5*i**2 + 94*i - 48. Let h be c(18). Calculate the greatest common factor of q and h.
24
Let z be (2 + -3)*16 + -4. Let w be (-1270)/z + 1/2. Calculate the greatest common factor of w and 8.
8
Let x = 210 - 156. Calculate the greatest common divisor of 243 and x.
27
Let a be ((-14)/6)/(168/(-432)). Suppose 3*v - 31 = 23. Calculate the greatest common divisor of v and a.
6
Let n = -71 + 75. Suppose 5*v - 3*g - 40 - 97 = 0, -n*g = v - 32. Suppose 0 = -3*k + 7*k - 280. What is the greatest common factor of k and v?
14
Let u(i) = 3*i**3 - 4*i**2 - 39*i + 18. Let v be u(6). What is the greatest common factor of v and 120?
24
Let m(f) = f**3 + 7*f**2 - 15*f - 78. Let x be m(-6). Calculate the highest common divisor of x and 21.
3
Suppose 4*k + 39 + 7 = -3*z, -5*k - 30 = z. Let d = z + 46. Suppose -2*h + 14 + 166 = 0. What is the greatest common divisor of h and d?
18
Let i = -50 - -60. Suppose 4*v = c - 11, 0 = 3*c - 3*v - 61 + 19. Calculate the greatest common divisor of i and c.
5
Let n(o) = 19*o**2 + 50*o - 251. Let s be n(5). What is the highest common factor of 6 and s?
6
Suppose -3*p = -8 - 4. Suppose m = -p*q + 112, -42 = 5*m - 3*q - 556. What is the greatest common divisor of 8 and m?
8
Suppose t = -5*x + 995 + 47, 4 = 2*t. What is the highest common factor of 39 and x?
13
Let c be -31 + 32 - (-1 + 0 - 3). Suppose l - 16 = -4*n + 2*l, -c*n = -l - 19. What is the highest common divisor of n and 5?
1
Suppose 3*k - 61 = 26. Let t = k + 56. Calculate the highest common factor of 34 and t.
17
Let f(l) = l**3 + 21. Let r be f(0). Let c = -395 - -500. Calculate the highest common factor of c and r.
21
Suppose a = 4*f - 7, -13 = -4*f + a + 2*a. Let z be (6/(-9))/(f/3). Let l be ((-1)/z)/(-1)*-14. What is the greatest common factor of l and 14?
7
Let k be 5*11*16/20. Let z = 235 + -125. What is the greatest common divisor of k and z?
22
Let j = 11 - -4. Suppose i + 4 = j. Calculate the highest common factor of i and 121.
11
Let r(l) = -l**2 + 15*l - 5. Suppose -7*d + 12*d = 30. Let a be r(d). What is the greatest common factor of a and 7?
7
Let y(k) be the second derivative of k**3/6 + k**2/2 + 2*k. Let a be y(5). Let g = -7 + 37. Calculate the greatest common factor of g and a.
6
Let n = -4 - 3. Let y be (-3)/n + (-822)/(-42). Let d be (3 - 2)*(y - 0). What is the greatest common divisor of 5 and d?
5
Let k = -740 + 1154. Suppose 0 = 4*y - 2*t + 4*t - k, -5*t + 25 = 0. Suppose -3*m + 67 = -y. Calculate the highest common divisor of 7 and m.
7
Let f = 4 - 4. Let m(v) = -v + 22. Let x be m(f). Suppose 0 = 4*u - 4, i + 2*i + 2*u - 68 = 0. What is the highest common factor of x and i?
22
Let w(b) = 6*b + 229. Let y be w(-29). Suppose -39 = -4*n + 5. What is the greatest common factor of y and n?
11
Let a = -58 - -41. Let v = a + 55. What is the greatest common divisor of v and 95?
19
Suppose f - 4 = -0*f. Let i(z) = 7*z + 16. Let b be i(f). Let s = 2 + 9. Calculate the greatest common divisor of s and b.
11
Let k be 0/(-2) + 0 + 2. Let m = 12289 + -12255. What is the highest common divisor of k and m?
2
Let f(o) = -o**2 - 8*o - 3. Let k be f(-6). Suppose -3*v - 234 = -k*v. What is the greatest common factor of v and 13?
13
Suppose -643*b + 640*b = -882. What is the greatest common divisor of b and 14?
14
Suppose 15*h - 13*h